greatest common divisor of p and 16.
16
Suppose 26*f - 80 = 22*f. Let k be f/(-16) - (-205)/20. Calculate the greatest common factor of 9 and k.
9
Suppose -9*t + 5*t = 0. Let p be 3*((-10)/(-3) - t). Suppose 6 = 2*m - p. What is the highest common factor of 56 and m?
8
Suppose -5*d + 264 = 4*o, 5*o - d - 317 = -4*d. Let t = -33 + o. What is the greatest common factor of 14 and t?
14
Let v be 6/(-9) + 1638/27. Let k be (-1)/2*2*6. Let m(h) = -h**2 - 14*h - 8. Let l be m(k). Calculate the greatest common divisor of v and l.
20
Let x be (-3606)/(-30) - (-1)/(-5). Suppose -3*d = -0*d - x. Calculate the highest common divisor of d and 10.
10
Suppose -7*l + 246 = -2*l + 2*y, 0 = 3*y + 6. Let g be (-30)/l - (-23)/5. Suppose g*d = 251 + 321. What is the greatest common factor of d and 13?
13
Let l = -4200 - -4238. Let j(h) = 74*h + 1 + 313*h - 84*h. Let t be j(1). What is the greatest common factor of t and l?
38
Let s be (((-10)/(-4))/1)/(28/112). What is the greatest common divisor of s and 1910?
10
Let t = -17 + 26. Suppose -t = -k - 3. Suppose 4*s - 175 = 41. Calculate the greatest common factor of s and k.
6
Suppose -5*j - 10 = -3*w, -41*w + 39*w + 12 = 2*j. What is the highest common divisor of w and 15?
5
Suppose 2*a + 790 = -n + 6*n, 0 = 4*n - 4*a - 644. Let t = -59 - -62. Suppose -t*k + n = 3*h, k + 5*h - 22 = 14. What is the greatest common factor of 8 and k?
8
Suppose -710*b + 175 = -703*b. Let i be (-6)/(-27) + 898/9. What is the highest common divisor of i and b?
25
Let i(n) = n**3 + n**2 + 380. Let x be i(0). Let w be (-2)/(-5) + x/50. What is the greatest common factor of w and 64?
8
Let m = 301 + -210. Let s = m + -81. Suppose 379 = 5*h - 171. What is the greatest common divisor of h and s?
10
Let o = -2128 - -2240. What is the highest common factor of o and 80?
16
Suppose -2*f - 1 = 11. Let w be 130/(-15) - (-2)/f. Let a be ((-3)/w)/((-4)/(-72)). What is the greatest common factor of 2 and a?
2
Let p(r) = 78*r**3 - 2*r**2 - 6*r. Let i be p(3). Calculate the greatest common divisor of 90 and i.
90
Let u be (-1715)/(-21) - 3*(-2)/18. What is the greatest common factor of u and 328?
82
Let b be 3 + (-4)/((-4)/(-3)). Suppose b = 6*t - 11 - 37. Suppose -3*x + 0*x = -216. What is the highest common divisor of t and x?
8
Suppose -144 + 0 = 4*i. Let x = i - -168. Calculate the greatest common factor of 12 and x.
12
Let p = -11 + 14. Suppose 0*j + 2*a = 4*j - 12, p*j - 4 = 4*a. Suppose w + j*g + 2 + 7 = 0, -39 = -5*w + g. Calculate the highest common factor of w and 77.
7
Let d be ((-2145)/(-9))/((-4)/(-12)). Calculate the highest common factor of 65 and d.
65
Suppose -5*p = -34 - 191. What is the highest common factor of 45 and p?
45
Let j = -96 + 221. What is the greatest common divisor of 75 and j?
25
Let h(z) = z**2 + z + 11. Let a be h(0). Let m be (0 - -11)/(4/24). Suppose -12*j + 15*j - m = 0. Calculate the greatest common factor of j and a.
11
Let c = 46 - -296. Suppose -5*o = -2*o + c. Let m = -78 - o. Calculate the highest common divisor of 18 and m.
18
Let z(n) = 13*n + 737. Let h be z(-24). What is the highest common factor of 25 and h?
25
Let s(p) = p**3 - 5*p**2 - 2*p + 4. Let n be s(7). Suppose 72 = 2*a + 2*u, -3*u - n = -2*a - u. Calculate the highest common divisor of 5 and a.
5
Let d = -8 - -8. Suppose -3*s = -5*f + 260, -2*f - 4*s + 15 + 89 = d. Let x = -36 + f. Calculate the highest common divisor of 48 and x.
16
Suppose b + 0 - 4 = 0. Let n = 560 + -528. What is the greatest common divisor of b and n?
4
Let l = -217 + 246. Calculate the highest common factor of 667 and l.
29
Suppose 13*m - 14 = 11*m. Suppose 3*p + 3*g = 51, 0 = -2*p + 3*g + 36 - m. Calculate the highest common divisor of 128 and p.
16
Let z = -520 - -525. What is the highest common factor of 37 and z?
1
Suppose 8*s - 452 = -2*i + 9*s, -4*s + 16 = 0. Calculate the highest common factor of 152 and i.
76
Let r = 690 - 306. Suppose 3*k = l + 563, 4*k - 5*l - r = 2*k. Let f be -2*(63/(-6) + 2). Calculate the greatest common divisor of k and f.
17
Let y be (-2)/(-6) + ((-1960)/15)/(-7). Calculate the highest common factor of 285 and y.
19
Let s = -17 + 212. Suppose 0 = -5*g + 4*y - 3 + 373, 3*g = -3*y + s. Calculate the greatest common factor of g and 28.
14
Let w = -31 + 33. Suppose w*d + z - 2 = 0, 5*d + 3*z - 4 = -0*d. Calculate the greatest common divisor of 22 and d.
2
Let l = 43 - 36. Suppose -u = -l - 6. Calculate the highest common factor of 13 and u.
13
Let f = 6 - 4. Let x(v) = v**2 - 3*v - 16. Let a be x(-4). Suppose f*u = a + 32. Calculate the highest common factor of 55 and u.
11
Let h(w) = 9*w - 16. Let p = 6 - 2. Let s be h(p). Calculate the highest common divisor of 40 and s.
20
Suppose 227 = 5*o + 47. Suppose -5*p = -3*p - 4. Suppose p*h + o = 5*h. Calculate the greatest common factor of 108 and h.
12
Suppose -27*f = -14*f - 832. Let g(l) = -l**3 - 3*l**2 - 3*l + 4. Let i be g(-4). What is the highest common divisor of i and f?
32
Let p(q) = 31*q**2 - 2*q + 1. Let z be p(1). Suppose -5*g + 6*g = 71. Suppose 5*n - g + 11 = 0. What is the greatest common divisor of z and n?
6
Let z be (-34)/(-9) + 6/27. Suppose 79 + 37 = -z*m. Let d = m + 43. What is the highest common factor of 154 and d?
14
Let g be -1*86*2/(-4). Suppose -2*t + 31 = -g. Suppose -62 = -y + t. Calculate the highest common factor of y and 9.
9
Suppose -32*u + 6*u = -260. What is the greatest common factor of u and 40?
10
Let q(c) = -c**2 - c - 4*c**3 + 7*c**3 + 2 - 2*c**3. Let u be q(0). Let s be (-4)/(u + (-90)/44). What is the highest common divisor of 22 and s?
22
Let g be 1*2/(-4) - 15/(-30). Suppose -4*n - 240 = -3*t - t, 3*t - 4*n - 180 = g. Calculate the highest common divisor of t and 15.
15
Suppose -5*o - 189 = -1349. Calculate the highest common divisor of 290 and o.
58
Let z(t) = 2*t**3 - t**2 - 7*t - 3. Let y(m) = 3*m - 41. Let d be y(15). Let s be z(d). What is the highest common divisor of s and 108?
27
Suppose -c = -4*f + 235, 284 = 5*f + 101*c - 99*c. What is the greatest common divisor of f and 261?
29
Suppose 5*s = 2*a - 775, 5*a - 769 - 1140 = 3*s. Calculate the greatest common factor of 114 and a.
38
Let t be 258/30 - 2/(-5). Suppose -25*n + 99*n = 8658. Calculate the greatest common factor of t and n.
9
Suppose 4*n + 506 = 166. Let m = -35 - n. Suppose -q - 44 = -4*u, -3*u + 2*q = 13 - 51. Calculate the greatest common factor of m and u.
10
Suppose m - 7 = -3. Let h be (1 + 6/m)*2. Let x be ((-3 - -5) + -1)*h. Calculate the greatest common divisor of 1 and x.
1
Let z be (4 + -1)*(-3 - -6*6). Suppose -13 - z = -8*m. What is the highest common factor of m and 308?
14
Let k be -3*1 + (-325)/(-25). Let l be (12/(-9))/((-8)/60). Calculate the highest common factor of k and l.
10
Let g = -183 + 213. Calculate the highest common factor of g and 40.
10
Suppose u + 0*i = -4*i + 108, 5*u - 5*i = 490. Let m = u + -60. Calculate the greatest common divisor of m and 24.
8
Suppose 55836 = -55*x + 73*x. Calculate the greatest common factor of 66 and x.
66
Let g = 10 + -13. Let m(n) = -2*n**3 + 2*n**2 - 5*n - 2. Let j be m(g). Suppose 1 = -f + 35. What is the greatest common factor of f and j?
17
Let o(c) = -15*c**3 + 4*c**2 + 7*c + 4. Let q be o(-1). Calculate the highest common factor of 1168 and q.
16
Let s(y) be the second derivative of -23*y**5/10 - y**3/2 - 21*y. Let g be s(-2). Calculate the greatest common factor of g and 34.
34
Suppose 4*z = 2*i + 20, 8*z - 25 = 2*i + 3*z. Suppose -5*l - 75 = 5*a - i, 2*a + 60 = -5*l. Let h = -7 - l. What is the highest common factor of 33 and h?
3
Suppose -6 = -g - g. Suppose 2*w = 4*t - 406, g*t - 307 = -3*w + 2*w. Suppose 4*h - t = 6. Calculate the highest common divisor of h and 3.
3
Suppose 1100 = -200*f + 205*f. What is the greatest common factor of f and 275?
55
Suppose 84 = 5*w - 91. Let d be ((-172)/8 + 4)*(-2 + 24/14). Calculate the highest common divisor of w and d.
5
Let r be (-8)/48 + 595/42. Calculate the greatest common divisor of 994 and r.
14
Let n = 13 - 10. Suppose t = -n*t + 16. Suppose -t*v + 33 = -23. Calculate the highest common divisor of v and 7.
7
Let n = 708 + -677. What is the greatest common factor of 434 and n?
31
Let y(o) = -2*o**2 + 36*o - 6. Let g be y(18). Let d be 20/50 + g/(-10). What is the gr